 -16. Let u be y/(-39) + 72/39. Suppose -u*j + v + 10 = 0, j - 3*v - 15 = -2*j. What is the units digit of j?
5
Let a = 27 + -12. What is the tens digit of a/(-40) + (-2337)/(-24)?
9
Let f be (-5 + 0)*4/(-5). Suppose -f*p - p + 535 = 0. What is the hundreds digit of p?
1
Let r be (-77)/(-33)*(1 + 20). Suppose -p - 5*t + 21 = 0, -2*p + 5*p = -t + r. What is the tens digit of p?
1
Let o(t) = 25*t - 8. Suppose -6*r - 21 = -8*r - 3*w, 2*w - 6 = 0. What is the tens digit of o(r)?
4
Let f be -1*(-56)/(-4)*1. Let t(n) be the third derivative of -n**6/120 - 7*n**5/30 - n**4/12 - n**3/2 - 3*n**2. What is the units digit of t(f)?
5
Let t be 6*5/20*2. Suppose -r = 4*x - 0*r - 38, -x - t*r = -15. What is the units digit of x?
9
Suppose x - 75 = -4*x. Suppose 4*c = h - 0*h - 18, 0 = h - c - x. What is the units digit of h?
4
Suppose -2*w + 4 = -0*w. Suppose -2*y + 600 = 2*d, 0 = d - 3*y - w*y - 282. What is the units digit of d?
7
Suppose 5*s - 4203 = -4*x, -3*x + 3152 = 2*s + 2*s. What is the units digit of x?
2
Suppose -3*t = -d + 241, 2*d + 4*t = 3*d - 238. Let h = -95 + d. What is the tens digit of h?
5
Suppose -a - 3*a + 20 = 0. Let j be (8/10)/(4/50). Suppose -2*t = c - j, 3*c - a*t + 5 = 2. What is the units digit of c?
4
Suppose 3 = 2*g + 3*n, 3*g + 4*n = -g + 8. Suppose -6*w = -5*x - 3*w + 169, g*x = 5*w + 111. Suppose 3*c - 5*c = -x. What is the tens digit of c?
1
Let h = 46 - 31. Let y be (-6 + 0)*(-5)/h. Let x = 0 + y. What is the units digit of x?
2
What is the thousands digit of ((60/(-6))/10)/(3/(-10545))?
3
Let q be (9 + 1)/((-2)/(-43)). Suppose -3*w - 2*a + q = -3*a, 4*w - 5*a - 272 = 0. Suppose -44 - w = -3*n. What is the units digit of n?
9
Let u be 3 - (-1620)/25 - (-2)/10. Suppose -270 = -y - u. What is the tens digit of y?
0
Let z = 3161 + -1382. What is the hundreds digit of z?
7
Suppose -60 = 4*o - o. Suppose -18*w - 287 = -35. Let x = w - o. What is the units digit of x?
6
Suppose -3*s + 1847 + 79 = 0. What is the units digit of s?
2
Suppose 90 = -2*h + 7*h. Let q be (-3)/18 + 3/h. Let m(g) = g**3 + g**2 + g + 7. What is the units digit of m(q)?
7
Let w = 6 - 72. Let u = 2 - w. What is the tens digit of u?
6
Let c be (32/6)/((-4)/12). Let o = c + 26. Suppose o = 2*m + 2*g, 3*m + 0*m - g - 19 = 0. What is the units digit of m?
6
Suppose 6 = -8*a + 10*a. Suppose a*y - 150 = -3. What is the tens digit of y?
4
Let q(p) = -2*p - 28. Let g be q(-14). Suppose g*r - 4*r + 52 = 0. What is the units digit of r?
3
Let i be 3/12 - (-47)/4. Let m(p) = -15 + 5 - i*p - p**2 + p. What is the units digit of m(-9)?
8
Suppose 4*c + 5 = 5*c. Let o(w) = w - 6. Let b be o(11). Suppose 5*t - c = 0, 2*j - 3*j + 12 = -b*t. What is the units digit of j?
7
Suppose 309 - 909 = -4*t. What is the hundreds digit of t?
1
Suppose 2*b = 2, -5*z - 28*b = -27*b - 8601. What is the tens digit of z?
2
Let r(v) = -203*v + 531. What is the thousands digit of r(-10)?
2
Let s = 6 + -13. Suppose 28*m = 10*m + 108. What is the units digit of (2*-6)/(s + m)?
2
Suppose a + 2*q - 612 = 0, 3*a = -7*q + 2*q + 1840. What is the tens digit of a?
2
Let z(u) = -u**3 - 8*u**2 - 1. Let w = -32 + 25. Let i be z(w). Let h = i - -101. What is the units digit of h?
1
Let c = -326 - -903. What is the hundreds digit of c?
5
What is the units digit of 5/75*10*2346?
4
Let y = 15 - 20. Let k(z) = 6*z - 4. Let u be k(y). Let b = u - -64. What is the tens digit of b?
3
Suppose -4*q + 4*s = -2028, q + 5*s = 2*q - 507. What is the units digit of q?
7
Let n = -63 - -57. What is the tens digit of (-2)/n + 258/9?
2
Let d(o) = -2*o - 1. Let y be d(-2). Suppose -4*q + y*m - 26 = -116, -q = 5*m - 34. What is the units digit of q?
4
Let g be (1 + -2)/((-3)/54). Let l = g + 52. What is the units digit of l?
0
Suppose 2*i - 3 = -3*n + 1, -4*n = 2*i - 4. Suppose 5 + 3 = -i*q + 5*a, a = -2*q + 4. Suppose 15 = z + q. What is the tens digit of z?
1
Let z(x) = -447*x**3 + 3*x**2 + 2*x - 1. What is the hundreds digit of z(-1)?
4
Let t(f) be the first derivative of -23*f**2/2 - 28*f + 13. What is the units digit of t(-7)?
3
Let s be 1*(-6)/((-12)/10). Suppose 0*m - s*m = 5*o, -3*o + 4 = m. Suppose 3*y + 2*w = w + 134, w - 88 = -o*y. What is the units digit of y?
6
Suppose -3*l = 3*y - 132, 4*l - 178 = -y - y. Suppose 0 = 5*f - q - 53, l = 4*f - f - 5*q. Let a = f + 2. What is the units digit of a?
2
Let n(f) = f**2 - 5*f + 6. Let t be n(5). Let p = 46 + t. What is the units digit of p?
2
Suppose -5*b = 3*q - 2326, -2*q + 170 + 1382 = 3*b. What is the tens digit of q?
8
Suppose 13032 + 22586 = 22*s. What is the thousands digit of s?
1
Suppose -20*n = -11316 - 2204. What is the hundreds digit of n?
6
Let m(k) = k**3 - 19*k**2 + 26*k - 22. Let b be m(18). Suppose -125*s + 177 = -b*s. What is the units digit of s?
9
Let s = -290 + 578. What is the hundreds digit of s?
2
Suppose 4*u = -145 - 15. Let x be 4/(-12) + u/6. What is the units digit of x/28 + (-98)/(-8)?
2
Let b(d) = -112*d**3 + 2*d**2 - 5*d. What is the tens digit of b(-2)?
1
Let k be 6/2 - -121*1. Let f = 277 - k. What is the tens digit of f?
5
Let v be -1*4/(4/(-113)). What is the units digit of (-1 + v/2)*4?
2
Let q(i) = -6*i**2 - 4*i + 5. Let b(t) = t**2 + t. Let h(x) = -4*b(x) - q(x). What is the units digit of h(-6)?
7
Let b be ((-8)/14)/((-4)/14). Suppose -32 = -l - 4*l + 4*y, -b*l - 2*y = -2. Suppose 3*x = c - 16, 2*c = x - l*x + 14. What is the tens digit of c?
1
Suppose m - 2*n = 206 + 399, 0 = -2*m - 3*n + 1182. What is the tens digit of m?
9
Suppose -4*w + 186 = 2*i, -5*i + 409 = -5*w + w. Let s be (-14)/7*i/(-2). Suppose -5*c + s = 3*n, -2*n + 2*c - c + 61 = 0. What is the tens digit of n?
3
Let o(v) be the first derivative of -v**2 + 3*v - 4. Let s be 0*((-1)/(-1) - 0). What is the units digit of o(s)?
3
Let a be 28/12*6*-2. Let f = 28 + a. Suppose 0*b + 3*b - 51 = f. What is the units digit of b?
7
Let u(t) = -685*t - 112. What is the hundreds digit of u(-1)?
5
Let c(k) be the second derivative of 7*k**4/12 - k**3 - 9*k**2 - 16*k. What is the units digit of c(-4)?
8
Let g = -1811 - -2598. What is the units digit of g?
7
Let j(b) be the first derivative of -b**4/4 - 5*b**3 + 5*b**2 - 20*b - 16. What is the units digit of j(-16)?
6
Let u(d) = 4*d**2 - 10*d + 3. Let s(x) = x**2. Let m(i) = 6*s(i) - u(i). What is the units digit of m(4)?
9
Suppose 427*f - 421*f - 14064 = 0. What is the hundreds digit of f?
3
Suppose f - 4*f = -27. Suppose 4*o + 15 = f*o. Suppose -o*r + 81 = -57. What is the tens digit of r?
4
Let i be 3*(60/9 - -2). Suppose -m + 4*r + 55 = -i, 0 = 2*m - 3*r - 157. Let h = m + -34. What is the tens digit of h?
4
Let l(t) = -t. Let h be (-3)/12 - 117/12. Let d be l(h). Suppose 41 + d = v - n, -3*v - 3*n + 135 = 0. What is the tens digit of v?
4
Let j = 77 - -73. What is the tens digit of j?
5
Let c(n) = -n**2 + 2*n + 44. Suppose 0 = 28*f - 33*f. What is the tens digit of c(f)?
4
Let t = 35 + -39. What is the tens digit of ((-174)/9)/(t/24)?
1
What is the hundreds digit of 5/4 - 411*25/(-20)?
5
Suppose 3*z - 12 = 63. Let v = 47 - z. What is the units digit of v?
2
Let z(c) = 2*c**2 + 46*c + 100. What is the hundreds digit of z(-31)?
5
Suppose 4*m + 20630 = 5*n, -3*m + 13 + 2 = 0. What is the thousands digit of n?
4
Let r = -742 + 1417. What is the units digit of r?
5
Suppose 35*f = 52*f - 3808. What is the tens digit of f?
2
Let a(o) = 26*o - 15. Let g be a(10). Suppose -2*j = 3*v - g, -4*j + 435 = 5*v - 6*j. What is the units digit of v?
5
Let t(c) = c**3 - 14*c**2 - 16*c + 15. Let z(s) = 14*s**2 + 1. Let o be z(1). Let q be t(o). Suppose q = 5*x + 112 - 422. What is the tens digit of x?
6
Let z(k) = 25*k**2 + 4*k + 7. Let n be z(-2). Let r = -45 + n. What is the tens digit of r?
5
Let m be 305/35 + -5 - 4/(-14). Let a(l) = l**3 - 9*l + 13. What is the tens digit of a(m)?
4
Suppose 5*p - 6*p + 2 = 0. Suppose x + p*v = 12, x + 2*v - 8 = 2*x. What is the units digit of (-140)/(-6)*3/x?
5
Let f(o) = -198*o - 54. What is the units digit of f(-2)?
2
Let g(l) = 2*l - 7. Let m be g(7). Suppose 2*b = 5 + m. Suppose 0 = b*h - 4*h - 58. What is the units digit of h?
9
What is the units digit of 3332/51 + (-20)/(-12)?
7
Suppose -3*m + 16 = -m. Suppose 0 = -m*o + 3*o - q + 26, 0 = 5*q - 5. Suppose -c + 32 = 2*a - o*a, -2*c = 3*a - 73. What